{"id":421,"date":"2019-10-28T22:10:24","date_gmt":"2019-10-28T22:10:24","guid":{"rendered":"https:\/\/the7.io\/dev-studio\/?page_id=421"},"modified":"2023-07-06T15:15:34","modified_gmt":"2023-07-06T13:15:34","slug":"contact","status":"publish","type":"page","link":"https:\/\/legorilleencravate.com\/?page_id=421","title":{"rendered":"Contact"},"content":{"rendered":"<p>[vc_row bg_type=\u00a0\u00bbimage\u00a0\u00bb parallax_style=\u00a0\u00bbvcpb-vz-jquery\u00a0\u00bb bg_image_new=\u00a0\u00bbid^1286|url^http:\/\/legorilleencravate.com\/wordpress\/wp-content\/uploads\/2021\/01\/black-brick-wall-textured-background-scaled.jpg|caption^Black brick wall textured background|alt^null|title^Black brick wall textured background|description^null\u00a0\u00bb bg_image_repeat=\u00a0\u00bbno-repeat\u00a0\u00bb bg_override=\u00a0\u00bbfull\u00a0\u00bb enable_overlay=\u00a0\u00bbenable_overlay_value\u00a0\u00bb overlay_color=\u00a0\u00bbrgba(0,0,0,0.5)\u00a0\u00bb overlay_pattern=\u00a0\u00bbtransperant\u00a0\u00bb type=\u00a0\u00bbvc_default\u00a0\u00bb css=\u00a0\u00bb.vc_custom_1610727583977{padding-top: 130px !important;padding-bottom: 50px !important;background-color: #000000 !important;}\u00a0\u00bb][vc_column offset=\u00a0\u00bbvc_col-lg-offset-0 vc_col-md-offset-0 vc_col-sm-offset-0 vc_col-xs-12&Prime;][vc_row_inner content_placement=\u00a0\u00bbmiddle\u00a0\u00bb css=\u00a0\u00bb.vc_custom_1572362638484{padding-top: 6% !important;padding-bottom: 6% !important;}\u00a0\u00bb][vc_column_inner offset=\u00a0\u00bbvc_col-lg-12 vc_col-md-12&Prime;]<div id=\"ultimate-heading-730869f1ea235759c\" class=\"uvc-heading ult-adjust-bottom-margin ultimate-heading-730869f1ea235759c uvc-2562 accent-subtitle-color\" data-hspacer=\"no_spacer\"  data-halign=\"center\" style=\"text-align:center\"><div class=\"uvc-heading-spacer no_spacer\" style=\"top\"><\/div><div class=\"uvc-main-heading ult-responsive\"  data-ultimate-target='.uvc-heading.ultimate-heading-730869f1ea235759c h2'  data-responsive-json-new='{\"font-size\":\"desktop:90px;tablet:80px;tablet_portrait:70px;mobile_landscape:60px;mobile:50px;\",\"line-height\":\"desktop:98px;tablet:88px;tablet_portrait:78px;mobile_landscape:68px;mobile:58px;\"}' ><h2 style=\"font-family:&#039;Permanent Marker&#039;;font-weight:700;color:#ffffff;margin-bottom:10px;\">Contact<\/h2><\/div><div class=\"uvc-sub-heading ult-responsive\"  data-ultimate-target='.uvc-heading.ultimate-heading-730869f1ea235759c .uvc-sub-heading '  data-responsive-json-new='{\"font-size\":\"desktop:34px;tablet_portrait:30px;mobile_landscape:26px;\",\"line-height\":\"desktop:44px;tablet_portrait:40px;mobile_landscape:36px;\"}'  style=\"font-weight:bold;color:#ffffff;margin-bottom:15px;\">Et si on commen\u00e7ait \u00e0 travailler ensemble<\/div><\/div><style type=\"text\/css\" data-type=\"the7_shortcodes-inline-css\">.dt-breadcrumbs-id-c107d0f3e960e9aa9e97645a087ab52d .breadcrumbs {\n  display: inline-block;\n  margin: 0;\n  padding: 0px 0px 0px 0px;\n  border: 0px solid ;\n  border-radius: 0px;\n}\n.dt-breadcrumbs-id-c107d0f3e960e9aa9e97645a087ab52d .breadcrumbs * {\n  color: rgba(255,255,255,0.3);\n}\n<\/style><div class=\"dt-breadcrumbs-shortcode dt-breadcrumbs-id-c107d0f3e960e9aa9e97645a087ab52d align-centre\"><div class=\"assistive-text\">Vous \u00eates ici :<\/div><ol class=\"breadcrumbs text-small\" itemscope itemtype=\"https:\/\/schema.org\/BreadcrumbList\"><li itemprop=\"itemListElement\" itemscope itemtype=\"https:\/\/schema.org\/ListItem\"><a itemprop=\"item\" href=\"https:\/\/legorilleencravate.com\/\" title=\"\"><span itemprop=\"name\">Accueil<\/span><\/a><meta itemprop=\"position\" content=\"1\" \/><\/li><li class=\"current\" itemprop=\"itemListElement\" itemscope itemtype=\"https:\/\/schema.org\/ListItem\"><span itemprop=\"name\">Page<\/span><meta itemprop=\"position\" content=\"2\" \/><\/li><\/ol><\/div>[\/vc_column_inner][\/vc_row_inner][\/vc_column][\/vc_row][vc_row equal_height=\u00a0\u00bbyes\u00a0\u00bb content_placement=\u00a0\u00bbmiddle\u00a0\u00bb css=\u00a0\u00bb.vc_custom_1572369212253{padding-top: 90px !important;padding-bottom: 20px !important;}\u00a0\u00bb][vc_column width=\u00a0\u00bb1\/2&Prime; css=\u00a0\u00bb.vc_custom_1610727604122{margin-top: -20px !important;padding-bottom: 80px !important;}\u00a0\u00bb]<div id=\"ultimate-heading-657769f1ea2358259\" class=\"uvc-heading ult-adjust-bottom-margin ultimate-heading-657769f1ea2358259 uvc-2395 color-title\" data-hspacer=\"no_spacer\"  data-halign=\"center\" style=\"text-align:center\"><div class=\"uvc-heading-spacer no_spacer\" style=\"top\"><\/div><div class=\"uvc-main-heading ult-responsive\"  data-ultimate-target='.uvc-heading.ultimate-heading-657769f1ea2358259 h2'  data-responsive-json-new='{\"font-size\":\"desktop:17px;\",\"line-height\":\"desktop:30px;\"}' ><h2 style=\"font-family:&#039;Lato&#039;;font-weight:700;color:#a4a5ae;\">Contact<\/h2><\/div><div class=\"uvc-sub-heading ult-responsive\"  data-ultimate-target='.uvc-heading.ultimate-heading-657769f1ea2358259 .uvc-sub-heading '  data-responsive-json-new='{\"font-size\":\"desktop:36px;mobile_landscape:26px;\",\"line-height\":\"desktop:46px;mobile_landscape:36px;\"}'  style=\"font-weight:bold;margin-bottom:20px;\">06 24 14 74 48<\/div><\/div><div id=\"ultimate-heading-940269f1ea2358288\" class=\"uvc-heading ult-adjust-bottom-margin ultimate-heading-940269f1ea2358288 uvc-9378 color-title\" data-hspacer=\"no_spacer\"  data-halign=\"center\" style=\"text-align:center\"><div class=\"uvc-heading-spacer no_spacer\" style=\"top\"><\/div><div class=\"uvc-main-heading ult-responsive\"  data-ultimate-target='.uvc-heading.ultimate-heading-940269f1ea2358288 h2'  data-responsive-json-new='{\"font-size\":\"desktop:17px;\",\"line-height\":\"desktop:30px;\"}' ><h2 style=\"font-family:&#039;Lato&#039;;font-weight:700;color:#a4a5ae;\">Email<\/h2><\/div><div class=\"uvc-sub-heading ult-responsive\"  data-ultimate-target='.uvc-heading.ultimate-heading-940269f1ea2358288 .uvc-sub-heading '  data-responsive-json-new='{\"font-size\":\"\",\"line-height\":\"\"}'  style=\"font-weight:bold;margin-bottom:20px;\">contact@legorilleencravate.com<\/div><\/div><style type=\"text\/css\" data-type=\"the7_shortcodes-inline-css\">.dt-shortcode-soc-icons.soc-icons-74c410b06c4f55dbdf014c8618579962 a {\n  margin-right: 10px;\n}\n.dt-shortcode-soc-icons a.soc-icons-74c410b06c4f55dbdf014c8618579962 {\n  margin-right: 10px;\n}\n.dt-shortcode-soc-icons a.soc-icons-74c410b06c4f55dbdf014c8618579962:last-child {\n  margin-right: 0;\n}\n.dt-shortcode-soc-icons a.soc-icons-74c410b06c4f55dbdf014c8618579962:before,\n.dt-shortcode-soc-icons a.soc-icons-74c410b06c4f55dbdf014c8618579962:after {\n  padding: inherit;\n}\n.dt-shortcode-soc-icons a.soc-icons-74c410b06c4f55dbdf014c8618579962.dt-icon-border-on:before {\n  border:  solid ;\n}\n.dt-shortcode-soc-icons a.soc-icons-74c410b06c4f55dbdf014c8618579962.dt-icon-hover-border-on:after {\n  border:  solid ;\n}\n<\/style><div class=\"dt-shortcode-soc-icons  soc-icons-74c410b06c4f55dbdf014c8618579962 soc-icons-center \" ><style type=\"text\/css\" data-type=\"the7_shortcodes-inline-css\">.dt-shortcode-soc-icons a.single-soc-icon-094daf9db58330666439d4f6893cf5ec {\n  min-width: 50px;\n  min-height: 50px;\n  font-size: 24px;\n  border-radius: 100px;\n}\n.dt-shortcode-soc-icons a.single-soc-icon-094daf9db58330666439d4f6893cf5ec:last-child {\n  margin-right: 0;\n}\n.dt-shortcode-soc-icons a.single-soc-icon-094daf9db58330666439d4f6893cf5ec:before,\n.dt-shortcode-soc-icons a.single-soc-icon-094daf9db58330666439d4f6893cf5ec:after {\n  min-width: 50px;\n  min-height: 50px;\n  padding: inherit;\n}\n#page .dt-shortcode-soc-icons a.single-soc-icon-094daf9db58330666439d4f6893cf5ec.dt-icon-bg-on:before,\n#phantom .dt-shortcode-soc-icons a.single-soc-icon-094daf9db58330666439d4f6893cf5ec.dt-icon-bg-on:before {\n  background: rgba(0,0,0,0.08);\n}\n.dt-shortcode-soc-icons a.single-soc-icon-094daf9db58330666439d4f6893cf5ec.dt-icon-border-on:before {\n  border: 0px solid ;\n}\n.dt-shortcode-soc-icons a.single-soc-icon-094daf9db58330666439d4f6893cf5ec.dt-icon-hover-border-on:after {\n  border: 0px solid ;\n}\n.dt-shortcode-soc-icons a.single-soc-icon-094daf9db58330666439d4f6893cf5ec:hover {\n  font-size: 24px;\n}\n#page .dt-shortcode-soc-icons a.single-soc-icon-094daf9db58330666439d4f6893cf5ec:hover .soc-font-icon,\n#phantom .dt-shortcode-soc-icons a.single-soc-icon-094daf9db58330666439d4f6893cf5ec:hover .soc-font-icon,\n#page .dt-shortcode-soc-icons a.single-soc-icon-094daf9db58330666439d4f6893cf5ec:hover .soc-icon,\n#phantom .dt-shortcode-soc-icons a.single-soc-icon-094daf9db58330666439d4f6893cf5ec:hover .soc-icon {\n  color: #ffffff;\n  background: none;\n}\n#page .dt-shortcode-soc-icons a.single-soc-icon-094daf9db58330666439d4f6893cf5ec:not(:hover) .soc-font-icon,\n#phantom .dt-shortcode-soc-icons a.single-soc-icon-094daf9db58330666439d4f6893cf5ec:not(:hover) .soc-font-icon,\n#page .dt-shortcode-soc-icons a.single-soc-icon-094daf9db58330666439d4f6893cf5ec:not(:hover) .soc-icon,\n#phantom .dt-shortcode-soc-icons a.single-soc-icon-094daf9db58330666439d4f6893cf5ec:not(:hover) .soc-icon {\n  color: rgba(38,115,239,0.35);\n  background: none;\n}\n.dt-shortcode-soc-icons a.single-soc-icon-094daf9db58330666439d4f6893cf5ec .soc-font-icon,\n.dt-shortcode-soc-icons a.single-soc-icon-094daf9db58330666439d4f6893cf5ec .soc-icon {\n  font-size: 24px;\n}\n<\/style><a title=\"Facebook\" href=\"https:\/\/www.facebook.com\/legorilleencravate\"  target=\"_blank\"class=\"facebook single-soc-icon-094daf9db58330666439d4f6893cf5ec dt-icon-bg-on dt-icon-border-on dt-icon-hover-border-on dt-icon-hover-bg-on  \" ><i class=\"soc-icon soc-font-icon dt-icon-facebook\"><\/i><span class=\"screen-reader-text\">Facebook<\/span><\/a><style type=\"text\/css\" data-type=\"the7_shortcodes-inline-css\">.dt-shortcode-soc-icons a.single-soc-icon-beda5a4609733047cad0271bb74a1f94 {\n  min-width: 50px;\n  min-height: 50px;\n  font-size: 24px;\n  border-radius: 100px;\n}\n.dt-shortcode-soc-icons a.single-soc-icon-beda5a4609733047cad0271bb74a1f94:last-child {\n  margin-right: 0;\n}\n.dt-shortcode-soc-icons a.single-soc-icon-beda5a4609733047cad0271bb74a1f94:before,\n.dt-shortcode-soc-icons a.single-soc-icon-beda5a4609733047cad0271bb74a1f94:after {\n  min-width: 50px;\n  min-height: 50px;\n  padding: inherit;\n}\n#page .dt-shortcode-soc-icons a.single-soc-icon-beda5a4609733047cad0271bb74a1f94.dt-icon-bg-on:before,\n#phantom .dt-shortcode-soc-icons a.single-soc-icon-beda5a4609733047cad0271bb74a1f94.dt-icon-bg-on:before {\n  background: rgba(0,0,0,0.08);\n}\n.dt-shortcode-soc-icons a.single-soc-icon-beda5a4609733047cad0271bb74a1f94.dt-icon-border-on:before {\n  border: 0px solid ;\n}\n.dt-shortcode-soc-icons a.single-soc-icon-beda5a4609733047cad0271bb74a1f94.dt-icon-hover-border-on:after {\n  border: 0px solid ;\n}\n.dt-shortcode-soc-icons a.single-soc-icon-beda5a4609733047cad0271bb74a1f94:hover {\n  font-size: 24px;\n}\n#page .dt-shortcode-soc-icons a.single-soc-icon-beda5a4609733047cad0271bb74a1f94:hover .soc-font-icon,\n#phantom .dt-shortcode-soc-icons a.single-soc-icon-beda5a4609733047cad0271bb74a1f94:hover .soc-font-icon,\n#page .dt-shortcode-soc-icons a.single-soc-icon-beda5a4609733047cad0271bb74a1f94:hover .soc-icon,\n#phantom .dt-shortcode-soc-icons a.single-soc-icon-beda5a4609733047cad0271bb74a1f94:hover .soc-icon {\n  color: #ffffff;\n  background: none;\n}\n#page .dt-shortcode-soc-icons a.single-soc-icon-beda5a4609733047cad0271bb74a1f94:not(:hover) .soc-font-icon,\n#phantom .dt-shortcode-soc-icons a.single-soc-icon-beda5a4609733047cad0271bb74a1f94:not(:hover) .soc-font-icon,\n#page .dt-shortcode-soc-icons a.single-soc-icon-beda5a4609733047cad0271bb74a1f94:not(:hover) .soc-icon,\n#phantom .dt-shortcode-soc-icons a.single-soc-icon-beda5a4609733047cad0271bb74a1f94:not(:hover) .soc-icon {\n  color: rgba(0,0,0,0.35);\n  background: none;\n}\n.dt-shortcode-soc-icons a.single-soc-icon-beda5a4609733047cad0271bb74a1f94 .soc-font-icon,\n.dt-shortcode-soc-icons a.single-soc-icon-beda5a4609733047cad0271bb74a1f94 .soc-icon {\n  font-size: 24px;\n}\n<\/style><a title=\"Instagram\" href=\"https:\/\/www.instagram.com\/legorilleencravate.4\/\" class=\"instagram single-soc-icon-beda5a4609733047cad0271bb74a1f94 dt-icon-bg-on dt-icon-border-on dt-icon-hover-border-on dt-icon-hover-bg-on  \" ><i class=\"soc-icon soc-font-icon dt-icon-instagram\"><\/i><span class=\"screen-reader-text\">Instagram<\/span><\/a><style type=\"text\/css\" data-type=\"the7_shortcodes-inline-css\">.dt-shortcode-soc-icons a.single-soc-icon-f10c7dec5f64d5b5381b9fd083864c55 {\n  min-width: 50px;\n  min-height: 50px;\n  font-size: 24px;\n  border-radius: 100px;\n}\n.dt-shortcode-soc-icons a.single-soc-icon-f10c7dec5f64d5b5381b9fd083864c55:last-child {\n  margin-right: 0;\n}\n.dt-shortcode-soc-icons a.single-soc-icon-f10c7dec5f64d5b5381b9fd083864c55:before,\n.dt-shortcode-soc-icons a.single-soc-icon-f10c7dec5f64d5b5381b9fd083864c55:after {\n  min-width: 50px;\n  min-height: 50px;\n  padding: inherit;\n}\n#page .dt-shortcode-soc-icons a.single-soc-icon-f10c7dec5f64d5b5381b9fd083864c55.dt-icon-bg-on:before,\n#phantom .dt-shortcode-soc-icons a.single-soc-icon-f10c7dec5f64d5b5381b9fd083864c55.dt-icon-bg-on:before {\n  background: rgba(0,0,0,0.08);\n}\n.dt-shortcode-soc-icons a.single-soc-icon-f10c7dec5f64d5b5381b9fd083864c55.dt-icon-border-on:before {\n  border: 0px solid ;\n}\n.dt-shortcode-soc-icons a.single-soc-icon-f10c7dec5f64d5b5381b9fd083864c55.dt-icon-hover-border-on:after {\n  border: 0px solid ;\n}\n.dt-shortcode-soc-icons a.single-soc-icon-f10c7dec5f64d5b5381b9fd083864c55:hover {\n  font-size: 24px;\n}\n#page .dt-shortcode-soc-icons a.single-soc-icon-f10c7dec5f64d5b5381b9fd083864c55:hover .soc-font-icon,\n#phantom .dt-shortcode-soc-icons a.single-soc-icon-f10c7dec5f64d5b5381b9fd083864c55:hover .soc-font-icon,\n#page .dt-shortcode-soc-icons a.single-soc-icon-f10c7dec5f64d5b5381b9fd083864c55:hover .soc-icon,\n#phantom .dt-shortcode-soc-icons a.single-soc-icon-f10c7dec5f64d5b5381b9fd083864c55:hover .soc-icon {\n  color: #ffffff;\n  background: none;\n}\n#page .dt-shortcode-soc-icons a.single-soc-icon-f10c7dec5f64d5b5381b9fd083864c55:not(:hover) .soc-font-icon,\n#phantom .dt-shortcode-soc-icons a.single-soc-icon-f10c7dec5f64d5b5381b9fd083864c55:not(:hover) .soc-font-icon,\n#page .dt-shortcode-soc-icons a.single-soc-icon-f10c7dec5f64d5b5381b9fd083864c55:not(:hover) .soc-icon,\n#phantom .dt-shortcode-soc-icons a.single-soc-icon-f10c7dec5f64d5b5381b9fd083864c55:not(:hover) .soc-icon {\n  color: rgba(0,0,0,0.35);\n  background: none;\n}\n.dt-shortcode-soc-icons a.single-soc-icon-f10c7dec5f64d5b5381b9fd083864c55 .soc-font-icon,\n.dt-shortcode-soc-icons a.single-soc-icon-f10c7dec5f64d5b5381b9fd083864c55 .soc-icon {\n  font-size: 24px;\n}\n<\/style><a title=\"LinkedIn\" href=\"https:\/\/www.linkedin.com\/company\/le-gorille-en-cravate\/posts\/?feedView=all&amp;viewAsMember=true\" class=\"linkedin single-soc-icon-f10c7dec5f64d5b5381b9fd083864c55 dt-icon-bg-on dt-icon-border-on dt-icon-hover-border-on dt-icon-hover-bg-on  \" ><i class=\"soc-icon soc-font-icon dt-icon-linkedin\"><\/i><span class=\"screen-reader-text\">LinkedIn<\/span><\/a><\/div>[\/vc_column][vc_column width=\u00a0\u00bb1\/2&Prime; css=\u00a0\u00bb.vc_custom_1572369265349{padding-bottom: 70px !important;}\u00a0\u00bb]<form class=\"dt-contact-form dt-form privacy-form\" method=\"post\"><input type=\"hidden\" name=\"widget_id\" value=\"presscore-contact-form-widget--1\" \/><input type=\"hidden\" name=\"send_message\" value=\"\" \/><input type=\"hidden\" name=\"security_token\" value=\"e050800edb595c0db3c3\"\/><div class=\"form-fields\"><span class=\"form-name\"><label class=\"assistive-text\">Nom *<\/label><input type=\"text\" class=\"validate[required]\" placeholder=\"Nom *\" name=\"name\" value=\"\" aria-required=\"true\">\n<\/span><span class=\"form-mail\"><label class=\"assistive-text\">E-mail *<\/label><input type=\"text\" class=\"validate[required,custom[email]]\" placeholder=\"E-mail *\" name=\"email\" value=\"\" aria-required=\"true\">\n<\/span><span class=\"form-telephone\"><label class=\"assistive-text\">T\u00e9l\u00e9phone<\/label><input type=\"text\" placeholder=\"T\u00e9l\u00e9phone\" name=\"telephone\" value=\"\" aria-required=\"false\">\n<\/span><\/div><span class=\"form-message\"><label class=\"assistive-text\">Message *<\/label><textarea class=\"validate[required]\" placeholder=\"Message *\" name=\"message\" rows=\"7\" aria-required=\"true\"><\/textarea>\n<\/span><p class=\"the7-form-terms-wrap\"><input type=\"checkbox\" id=\"the7-form-terms-f953ad57910572bd6803da3faaa6e92b\" name=\"terms\" class=\"validate[required] the7-form-terms\" aria-required=\"true\" \/>&nbsp;<label for=\"the7-form-terms-f953ad57910572bd6803da3faaa6e92b\"><span class=\"form-terms-text\">J'autorise l'utilisation de mes coordonn\u00e9es afin d'\u00eatre contact\u00e9 par la soci\u00e9t\u00e9 le gorille en cravate<\/span><\/label><\/p><p><a href=\"#\" class=\"dt-btn dt-btn-m dt-btn-submit\" rel=\"nofollow\"><span>Envoi<\/span><\/a><input class=\"assistive-text\" type=\"submit\" value=\"envoyer\"><\/p><\/form>\n[\/vc_column][\/vc_row]<\/p>\n","protected":false},"excerpt":{"rendered":"<p>[vc_row bg_type=\u00a0\u00bbimage\u00a0\u00bb parallax_style=\u00a0\u00bbvcpb-vz-jquery\u00a0\u00bb bg_image_new=\u00a0\u00bbid^1286|url^http:\/\/legorilleencravate.com\/wordpress\/wp-content\/uploads\/2021\/01\/black-brick-wall-textured-background-scaled.jpg|caption^Black brick wall textured background|alt^null|title^Black brick wall textured background|description^null\u00a0\u00bb bg_image_repeat=\u00a0\u00bbno-repeat\u00a0\u00bb bg_override=\u00a0\u00bbfull\u00a0\u00bb enable_overlay=\u00a0\u00bbenable_overlay_value\u00a0\u00bb overlay_color=\u00a0\u00bbrgba(0,0,0,0.5)\u00a0\u00bb overlay_pattern=\u00a0\u00bbtransperant\u00a0\u00bb type=\u00a0\u00bbvc_default\u00a0\u00bb css=\u00a0\u00bb.vc_custom_1610727583977{padding-top: 130px !important;padding-bottom: 50px !important;background-color: #000000 !important;}\u00a0\u00bb][vc_column offset=\u00a0\u00bbvc_col-lg-offset-0 vc_col-md-offset-0 vc_col-sm-offset-0 vc_col-xs-12&Prime;][vc_row_inner content_placement=\u00a0\u00bbmiddle\u00a0\u00bb css=\u00a0\u00bb.vc_custom_1572362638484{padding-top: 6% !important;padding-bottom: 6% !important;}\u00a0\u00bb][vc_column_inner offset=\u00a0\u00bbvc_col-lg-12 vc_col-md-12&Prime;][\/vc_column_inner][\/vc_row_inner][\/vc_column][\/vc_row][vc_row equal_height=\u00a0\u00bbyes\u00a0\u00bb content_placement=\u00a0\u00bbmiddle\u00a0\u00bb css=\u00a0\u00bb.vc_custom_1572369212253{padding-top: 90px !important;padding-bottom: 20px !important;}\u00a0\u00bb][vc_column width=\u00a0\u00bb1\/2&Prime; css=\u00a0\u00bb.vc_custom_1610727604122{margin-top: -20px !important;padding-bottom: 80px !important;}\u00a0\u00bb][\/vc_column][vc_column width=\u00a0\u00bb1\/2&Prime; css=\u00a0\u00bb.vc_custom_1572369265349{padding-bottom: 70px !important;}\u00a0\u00bb][\/vc_column][\/vc_row]<\/p>\n","protected":false},"author":1,"featured_media":0,"parent":0,"menu_order":100,"comment_status":"closed","ping_status":"closed","template":"","meta":[],"folder":[],"_links":{"self":[{"href":"https:\/\/legorilleencravate.com\/index.php?rest_route=\/wp\/v2\/pages\/421"}],"collection":[{"href":"https:\/\/legorilleencravate.com\/index.php?rest_route=\/wp\/v2\/pages"}],"about":[{"href":"https:\/\/legorilleencravate.com\/index.php?rest_route=\/wp\/v2\/types\/page"}],"author":[{"embeddable":true,"href":"https:\/\/legorilleencravate.com\/index.php?rest_route=\/wp\/v2\/users\/1"}],"replies":[{"embeddable":true,"href":"https:\/\/legorilleencravate.com\/index.php?rest_route=%2Fwp%2Fv2%2Fcomments&post=421"}],"version-history":[{"count":6,"href":"https:\/\/legorilleencravate.com\/index.php?rest_route=\/wp\/v2\/pages\/421\/revisions"}],"predecessor-version":[{"id":1526,"href":"https:\/\/legorilleencravate.com\/index.php?rest_route=\/wp\/v2\/pages\/421\/revisions\/1526"}],"wp:attachment":[{"href":"https:\/\/legorilleencravate.com\/index.php?rest_route=%2Fwp%2Fv2%2Fmedia&parent=421"}],"wp:term":[{"taxonomy":"folder","embeddable":true,"href":"https:\/\/legorilleencravate.com\/index.php?rest_route=%2Fwp%2Fv2%2Ffolder&post=421"}],"curies":[{"name":"wp","href":"https:\/\/api.w.org\/{rel}","templated":true}]}}