{"id":768,"date":"2019-10-29T16:30:41","date_gmt":"2019-10-29T16:30:41","guid":{"rendered":"https:\/\/the7.io\/dev-studio\/?page_id=768"},"modified":"2023-07-06T14:28:03","modified_gmt":"2023-07-06T12:28:03","slug":"online-marketing","status":"publish","type":"page","link":"https:\/\/legorilleencravate.com\/?page_id=768","title":{"rendered":"R\u00e9seaux Sociaux  &#038; Web Marketing"},"content":{"rendered":"<p>[vc_row full_height=\u00a0\u00bbyes\u00a0\u00bb columns_placement=\u00a0\u00bbtop\u00a0\u00bb equal_height=\u00a0\u00bbyes\u00a0\u00bb content_placement=\u00a0\u00bbtop\u00a0\u00bb css=\u00a0\u00bb.vc_custom_1688646391566{padding-bottom: 50px !important;}\u00a0\u00bb][vc_column width=\u00a0\u00bb1\/2&Prime; css=\u00a0\u00bb.vc_custom_1664892456806{padding-bottom: 50px !important;}\u00a0\u00bb]<style type=\"text\/css\" data-type=\"the7_shortcodes-inline-css\">.shortcode-single-image-wrap.shortcode-single-image-41fda8ef9c3cf30f4c503c7fba5cc1d7.enable-bg-rollover .rollover i,\n.shortcode-single-image-wrap.shortcode-single-image-41fda8ef9c3cf30f4c503c7fba5cc1d7.enable-bg-rollover .rollover-video i {\n  background: -webkit-linear-gradient();\n  background: linear-gradient();\n}\n.shortcode-single-image-wrap.shortcode-single-image-41fda8ef9c3cf30f4c503c7fba5cc1d7 .rollover-icon {\n  font-size: 32px;\n  color: #ffffff;\n  min-width: 44px;\n  min-height: 44px;\n  line-height: 44px;\n  border-radius: 100px;\n  border-style: solid;\n  border-width: 0px;\n}\n.dt-icon-bg-on.shortcode-single-image-wrap.shortcode-single-image-41fda8ef9c3cf30f4c503c7fba5cc1d7 .rollover-icon {\n  background: rgba(255,255,255,0.3);\n  box-shadow: none;\n}\n<\/style><div class=\"shortcode-single-image-wrap shortcode-single-image-41fda8ef9c3cf30f4c503c7fba5cc1d7 alignnone  enable-bg-rollover dt-icon-bg-off\" style=\"margin-top:0px; margin-bottom:0px; margin-left:0px; margin-right:0px; width:900px;\"><div class=\"shortcode-single-image\"><div class=\"fancy-media-wrap  layzr-bg\" style=\"\"><img class=\"preload-me lazy-load\" src=\"data:image\/svg+xml,%3Csvg%20xmlns%3D&#39;http%3A%2F%2Fwww.w3.org%2F2000%2Fsvg&#39;%20viewBox%3D&#39;0%200%20900%20900&#39;%2F%3E\" data-src=\"https:\/\/legorilleencravate.com\/wp-content\/uploads\/2023\/07\/3107569-scaled-900x900.jpg\" data-srcset=\"https:\/\/legorilleencravate.com\/wp-content\/uploads\/2023\/07\/3107569-scaled-900x900.jpg 900w, https:\/\/legorilleencravate.com\/wp-content\/uploads\/2023\/07\/3107569-scaled-1707x1707.jpg 1707w\" width=\"900\" height=\"900\"  data-dt-location=\"https:\/\/legorilleencravate.com\/?attachment_id=1518\" style=\"\" alt=\"\" \/><\/div><\/div><\/div>[\/vc_column][vc_column width=\u00a0\u00bb1\/2&Prime; css=\u00a0\u00bb.vc_custom_1572366044194{padding-bottom: 50px !important;}\u00a0\u00bb]<div id=\"ultimate-heading-827869e57ed197739\" class=\"uvc-heading ult-adjust-bottom-margin ultimate-heading-827869e57ed197739 uvc-3819 accent-subtitle-color\" data-hspacer=\"no_spacer\"  data-halign=\"left\" style=\"text-align:left\"><div class=\"uvc-heading-spacer no_spacer\" style=\"top\"><\/div><div class=\"uvc-main-heading ult-responsive\"  data-ultimate-target='.uvc-heading.ultimate-heading-827869e57ed197739 h3'  data-responsive-json-new='{\"font-size\":\"desktop:36px;\",\"line-height\":\"desktop:46px;\"}' ><h3 style=\"font-weight:bold;margin-bottom:20px;\">Service cl\u00e9 en main de community manager<\/h3><\/div><div class=\"uvc-sub-heading ult-responsive\"  data-ultimate-target='.uvc-heading.ultimate-heading-827869e57ed197739 .uvc-sub-heading '  data-responsive-json-new='{\"font-size\":\"\",\"line-height\":\"\"}'  style=\"font-weight:bold;margin-bottom:30px;\">Un incontournable de votre plan de communication, plus que des publications il faut r\u00e9fl\u00e9chir strat\u00e9gie et d\u00e9veloppement.<\/div><\/div>[vc_column_text]Que vous soyez une petite entreprise en plein essor ou une grande entreprise \u00e9tablie, notre \u00e9quipe exp\u00e9riment\u00e9e est l\u00e0 pour vous accompagner dans votre strat\u00e9gie de pr\u00e9sence en ligne.<\/p>\n<p>Le gorille en cravate comprend que chaque entreprise est diff\u00e9rente, tout comme ses objectifs et ses budgets. C&rsquo;est pourquoi nous nous effor\u00e7ons de proposer des solutions flexibles et adapt\u00e9es \u00e0 votre r\u00e9alit\u00e9 financi\u00e8re.<\/p>\n<p>Gr\u00e2ce \u00e0 notre approche personnalis\u00e9e, nous analysons attentivement vos besoins et vos aspirations en mati\u00e8re de communication num\u00e9rique. Que vous souhaitiez augmenter votre visibilit\u00e9, renforcer votre engagement avec votre audience ou d\u00e9velopper votre base de clients, nous mettons en place des strat\u00e9gies sur mesure pour atteindre vos objectifs.<\/p>\n<p>&nbsp;[\/vc_column_text][\/vc_column][\/vc_row][vc_row][vc_column][vc_column_text]Voici quelques-uns des services que nous proposons :<\/p>\n<p><span>\ud83d\udd39<\/span> Gestion de comptes sur les r\u00e9seaux sociaux : Nous prenons en charge la cr\u00e9ation, l&rsquo;animation et l&rsquo;optimisation de vos profils sur les r\u00e9seaux sociaux les plus pertinents pour votre entreprise.<\/p>\n<p><span>\ud83d\udd39<\/span> Cr\u00e9ation de contenu engageant : Nous d\u00e9veloppons du contenu de qualit\u00e9, adapt\u00e9 \u00e0 votre audience cible, afin de renforcer votre pr\u00e9sence en ligne et de susciter l&rsquo;int\u00e9r\u00eat de votre communaut\u00e9.<\/p>\n<p><span>\ud83d\udd39<\/span> Campagnes publicitaires cibl\u00e9es : Nous concevons et g\u00e9rons des campagnes publicitaires sur les r\u00e9seaux sociaux, en maximisant votre retour sur investissement et en vous aidant \u00e0 atteindre vos objectifs commerciaux.<\/p>\n<p><span>\ud83d\udd39<\/span> Suivi et analyse des performances : Nous surveillons attentivement les r\u00e9sultats de nos actions, en fournissant des rapports d\u00e9taill\u00e9s et des recommandations pour optimiser votre strat\u00e9gie de communication.<\/p>\n<p>Pour illustrer notre expertise, nous sommes ravis de partager avec vous quelques-uns de nos clients qui nous font confiance. Leurs succ\u00e8s parlent d&rsquo;eux-m\u00eames, et nous sommes fiers de les avoir accompagn\u00e9s dans leur parcours en ligne.<\/p>\n<p>Quel que soit votre budget, nous avons une solution adapt\u00e9e \u00e0 vos besoins. Nous croyons que chaque entreprise m\u00e9rite une pr\u00e9sence en ligne solide, quelle que soit sa taille. N&rsquo;h\u00e9sitez pas \u00e0 nous contacter pour discuter de vos objectifs, de vos contraintes budg\u00e9taires et de la mani\u00e8re dont nous pouvons vous aider \u00e0 prosp\u00e9rer dans l&rsquo;univers num\u00e9rique.<\/p>\n<p>Ensemble, nous pouvons construire une strat\u00e9gie de communication en ligne qui fera briller votre entreprise.<\/p>\n<p>Contactez-nous d\u00e8s aujourd&rsquo;hui et laissez-nous \u00eatre votre partenaire de confiance dans votre r\u00e9ussite en ligne ![\/vc_column_text][vc_masonry_media_grid grid_id=\u00a0\u00bbvc_gid:1688637271647-3f60974e86377062952dcc9a4f721034-6&Prime; include=\u00a0\u00bb1508,1509,1510,1511,1512,1513,1514,1515&Prime;][\/vc_column][\/vc_row]<\/p>\n","protected":false},"excerpt":{"rendered":"<p>[vc_row full_height=\u00a0\u00bbyes\u00a0\u00bb columns_placement=\u00a0\u00bbtop\u00a0\u00bb equal_height=\u00a0\u00bbyes\u00a0\u00bb content_placement=\u00a0\u00bbtop\u00a0\u00bb css=\u00a0\u00bb.vc_custom_1688646391566{padding-bottom: 50px !important;}\u00a0\u00bb][vc_column width=\u00a0\u00bb1\/2&Prime; css=\u00a0\u00bb.vc_custom_1664892456806{padding-bottom: 50px !important;}\u00a0\u00bb][\/vc_column][vc_column width=\u00a0\u00bb1\/2&Prime; css=\u00a0\u00bb.vc_custom_1572366044194{padding-bottom: 50px !important;}\u00a0\u00bb][vc_column_text]Que vous soyez une petite entreprise en plein essor ou une grande entreprise \u00e9tablie, notre \u00e9quipe exp\u00e9riment\u00e9e est l\u00e0 pour vous accompagner dans votre strat\u00e9gie de pr\u00e9sence en ligne. Le gorille en cravate comprend que chaque entreprise est diff\u00e9rente, tout&hellip;<\/p>\n","protected":false},"author":1,"featured_media":897,"parent":425,"menu_order":30,"comment_status":"closed","ping_status":"closed","template":"","meta":[],"folder":[],"_links":{"self":[{"href":"https:\/\/legorilleencravate.com\/index.php?rest_route=\/wp\/v2\/pages\/768"}],"collection":[{"href":"https:\/\/legorilleencravate.com\/index.php?rest_route=\/wp\/v2\/pages"}],"about":[{"href":"https:\/\/legorilleencravate.com\/index.php?rest_route=\/wp\/v2\/types\/page"}],"author":[{"embeddable":true,"href":"https:\/\/legorilleencravate.com\/index.php?rest_route=\/wp\/v2\/users\/1"}],"replies":[{"embeddable":true,"href":"https:\/\/legorilleencravate.com\/index.php?rest_route=%2Fwp%2Fv2%2Fcomments&post=768"}],"version-history":[{"count":13,"href":"https:\/\/legorilleencravate.com\/index.php?rest_route=\/wp\/v2\/pages\/768\/revisions"}],"predecessor-version":[{"id":1520,"href":"https:\/\/legorilleencravate.com\/index.php?rest_route=\/wp\/v2\/pages\/768\/revisions\/1520"}],"up":[{"embeddable":true,"href":"https:\/\/legorilleencravate.com\/index.php?rest_route=\/wp\/v2\/pages\/425"}],"wp:featuredmedia":[{"embeddable":true,"href":"https:\/\/legorilleencravate.com\/index.php?rest_route=\/wp\/v2\/media\/897"}],"wp:attachment":[{"href":"https:\/\/legorilleencravate.com\/index.php?rest_route=%2Fwp%2Fv2%2Fmedia&parent=768"}],"wp:term":[{"taxonomy":"folder","embeddable":true,"href":"https:\/\/legorilleencravate.com\/index.php?rest_route=%2Fwp%2Fv2%2Ffolder&post=768"}],"curies":[{"name":"wp","href":"https:\/\/api.w.org\/{rel}","templated":true}]}}