{"id":771,"date":"2019-10-29T16:32:17","date_gmt":"2019-10-29T16:32:17","guid":{"rendered":"https:\/\/the7.io\/dev-studio\/?page_id=771"},"modified":"2024-05-17T17:56:20","modified_gmt":"2024-05-17T15:56:20","slug":"programming","status":"publish","type":"page","link":"https:\/\/legorilleencravate.com\/?page_id=771","title":{"rendered":"Infographie &#038; PAO"},"content":{"rendered":"<p>[vc_row equal_height=\u00a0\u00bbyes\u00a0\u00bb content_placement=\u00a0\u00bbmiddle\u00a0\u00bb css=\u00a0\u00bb.vc_custom_1572457163607{padding-bottom: 50px !important;}\u00a0\u00bb][vc_column width=\u00a0\u00bb1\/2&Prime; css=\u00a0\u00bb.vc_custom_1572366036058{padding-bottom: 50px !important;}\u00a0\u00bb]<style type=\"text\/css\" data-type=\"the7_shortcodes-inline-css\">.shortcode-single-image-wrap.shortcode-single-image-04660348cd50dabb9cbaded3353fd5ed.enable-bg-rollover .rollover i,\n.shortcode-single-image-wrap.shortcode-single-image-04660348cd50dabb9cbaded3353fd5ed.enable-bg-rollover .rollover-video i {\n  background: -webkit-linear-gradient();\n  background: linear-gradient();\n}\n.shortcode-single-image-wrap.shortcode-single-image-04660348cd50dabb9cbaded3353fd5ed .rollover-icon {\n  font-size: 32px;\n  color: #ffffff;\n  min-width: 44px;\n  min-height: 44px;\n  line-height: 44px;\n  border-radius: 100px;\n  border-style: solid;\n  border-width: 0px;\n}\n.dt-icon-bg-on.shortcode-single-image-wrap.shortcode-single-image-04660348cd50dabb9cbaded3353fd5ed .rollover-icon {\n  background: rgba(255,255,255,0.3);\n  box-shadow: none;\n}\n<\/style><div class=\"shortcode-single-image-wrap shortcode-single-image-04660348cd50dabb9cbaded3353fd5ed alignnone  enable-bg-rollover dt-icon-bg-off\" style=\"margin-top:0px; margin-bottom:0px; margin-left:0px; margin-right:0px; width:900px;\"><div class=\"shortcode-single-image\"><div class=\"fancy-media-wrap  layzr-bg\" style=\"\"><img class=\"preload-me lazy-load\" src=\"data:image\/svg+xml,%3Csvg%20xmlns%3D&#39;http%3A%2F%2Fwww.w3.org%2F2000%2Fsvg&#39;%20viewBox%3D&#39;0%200%20900%20900&#39;%2F%3E\" data-src=\"https:\/\/legorilleencravate.com\/wp-content\/uploads\/2021\/03\/nice-man-screaming-in-the-megaphone-scaled-900x900.jpg\" data-srcset=\"https:\/\/legorilleencravate.com\/wp-content\/uploads\/2021\/03\/nice-man-screaming-in-the-megaphone-scaled-900x900.jpg 900w, https:\/\/legorilleencravate.com\/wp-content\/uploads\/2021\/03\/nice-man-screaming-in-the-megaphone-scaled-1800x1800.jpg 1800w\" width=\"900\" height=\"900\"  data-dt-location=\"https:\/\/legorilleencravate.com\/?attachment_id=1454\" style=\"\" alt=\"\" \/><\/div><\/div><\/div>[\/vc_column][vc_column width=\u00a0\u00bb1\/2&Prime; css=\u00a0\u00bb.vc_custom_1572366044194{padding-bottom: 50px !important;}\u00a0\u00bb]<div id=\"ultimate-heading-42269f1e8e11db44\" class=\"uvc-heading ult-adjust-bottom-margin ultimate-heading-42269f1e8e11db44 uvc-6863 accent-subtitle-color\" data-hspacer=\"no_spacer\"  data-halign=\"left\" style=\"text-align:left\"><div class=\"uvc-heading-spacer no_spacer\" style=\"top\"><\/div><div class=\"uvc-main-heading ult-responsive\"  data-ultimate-target='.uvc-heading.ultimate-heading-42269f1e8e11db44 h3'  data-responsive-json-new='{\"font-size\":\"desktop:36px;\",\"line-height\":\"desktop:46px;\"}' ><h3 style=\"font-weight:bold;margin-bottom:20px;\">Votre tract pour votre magasin en mode sur mesure.<\/h3><\/div><div class=\"uvc-sub-heading ult-responsive\"  data-ultimate-target='.uvc-heading.ultimate-heading-42269f1e8e11db44 .uvc-sub-heading '  data-responsive-json-new='{\"font-size\":\"\",\"line-height\":\"\"}'  style=\"font-weight:bold;margin-bottom:30px;\">Nos r\u00e9f\u00e9rences clients parlent pour nous que vous soyez ind\u00e9pendant de la grande distribution, ou d&rsquo;autres secteurs d&rsquo;activit\u00e9s comme la papeterie ou le textile nous saurons vous accompagner. Que ce soit dans le choix du format, du grammage, du nombre de pages et m\u00eame dans la s\u00e9lection des produits, nous serons l\u00e0 pour vous conseiller.<\/div><\/div>[vc_column_text]Tract magasin, catalogue produits pour votre force de vente, \u00e0 chaque fois nous vous proposons la version digitale pour que votre communication n&rsquo;en soit que plus virale.<\/p>\n<p>Notre objectif : \u00eatre pour vous un levier de chiffre d&rsquo;affaires.[\/vc_column_text][\/vc_column][\/vc_row][vc_row][vc_column]<style type=\"text\/css\" data-type=\"the7_shortcodes-inline-css\">.shortcode-single-image-wrap.shortcode-single-image-816a867dddd4d370b336a94936ce8278.enable-bg-rollover .rollover i,\n.shortcode-single-image-wrap.shortcode-single-image-816a867dddd4d370b336a94936ce8278.enable-bg-rollover .rollover-video i {\n  background: -webkit-linear-gradient();\n  background: linear-gradient();\n}\n.shortcode-single-image-wrap.shortcode-single-image-816a867dddd4d370b336a94936ce8278 .rollover-icon {\n  font-size: 32px;\n  color: #ffffff;\n  min-width: 44px;\n  min-height: 44px;\n  line-height: 44px;\n  border-radius: 100px;\n  border-style: solid;\n  border-width: 0px;\n}\n.dt-icon-bg-on.shortcode-single-image-wrap.shortcode-single-image-816a867dddd4d370b336a94936ce8278 .rollover-icon {\n  background: rgba(255,255,255,0.3);\n  box-shadow: none;\n}\n<\/style><div class=\"shortcode-single-image-wrap shortcode-single-image-816a867dddd4d370b336a94936ce8278 alignnone  enable-bg-rollover dt-icon-bg-off\" style=\"margin-top:0px; margin-bottom:0px; margin-left:0px; margin-right:0px; width:2250px;\"><div class=\"shortcode-single-image\"><div class=\"fancy-media-wrap  layzr-bg\" style=\"\"><img class=\"preload-me lazy-load\" src=\"data:image\/svg+xml,%3Csvg%20xmlns%3D&#39;http%3A%2F%2Fwww.w3.org%2F2000%2Fsvg&#39;%20viewBox%3D&#39;0%200%202250%201177&#39;%2F%3E\" data-src=\"https:\/\/legorilleencravate.com\/wp-content\/uploads\/2024\/05\/AGence-big.jpg\" data-srcset=\"https:\/\/legorilleencravate.com\/wp-content\/uploads\/2024\/05\/AGence-big.jpg 2250w\" width=\"2250\" height=\"1177\"  data-dt-location=\"https:\/\/legorilleencravate.com\/?attachment_id=1587\" style=\"\" alt=\"\" \/><\/div><\/div><\/div>[\/vc_column][\/vc_row]<\/p>\n","protected":false},"excerpt":{"rendered":"<p>[vc_row equal_height=\u00a0\u00bbyes\u00a0\u00bb content_placement=\u00a0\u00bbmiddle\u00a0\u00bb css=\u00a0\u00bb.vc_custom_1572457163607{padding-bottom: 50px !important;}\u00a0\u00bb][vc_column width=\u00a0\u00bb1\/2&Prime; css=\u00a0\u00bb.vc_custom_1572366036058{padding-bottom: 50px !important;}\u00a0\u00bb][\/vc_column][vc_column width=\u00a0\u00bb1\/2&Prime; css=\u00a0\u00bb.vc_custom_1572366044194{padding-bottom: 50px !important;}\u00a0\u00bb][vc_column_text]Tract magasin, catalogue produits pour votre force de vente, \u00e0 chaque fois nous vous proposons la version digitale pour que votre communication n&rsquo;en soit que plus virale. Notre objectif : \u00eatre pour vous un levier de chiffre d&rsquo;affaires.[\/vc_column_text][\/vc_column][\/vc_row][vc_row][vc_column][\/vc_column][\/vc_row]<\/p>\n","protected":false},"author":1,"featured_media":952,"parent":425,"menu_order":15,"comment_status":"closed","ping_status":"closed","template":"","meta":[],"folder":[],"_links":{"self":[{"href":"https:\/\/legorilleencravate.com\/index.php?rest_route=\/wp\/v2\/pages\/771"}],"collection":[{"href":"https:\/\/legorilleencravate.com\/index.php?rest_route=\/wp\/v2\/pages"}],"about":[{"href":"https:\/\/legorilleencravate.com\/index.php?rest_route=\/wp\/v2\/types\/page"}],"author":[{"embeddable":true,"href":"https:\/\/legorilleencravate.com\/index.php?rest_route=\/wp\/v2\/users\/1"}],"replies":[{"embeddable":true,"href":"https:\/\/legorilleencravate.com\/index.php?rest_route=%2Fwp%2Fv2%2Fcomments&post=771"}],"version-history":[{"count":10,"href":"https:\/\/legorilleencravate.com\/index.php?rest_route=\/wp\/v2\/pages\/771\/revisions"}],"predecessor-version":[{"id":1588,"href":"https:\/\/legorilleencravate.com\/index.php?rest_route=\/wp\/v2\/pages\/771\/revisions\/1588"}],"up":[{"embeddable":true,"href":"https:\/\/legorilleencravate.com\/index.php?rest_route=\/wp\/v2\/pages\/425"}],"wp:featuredmedia":[{"embeddable":true,"href":"https:\/\/legorilleencravate.com\/index.php?rest_route=\/wp\/v2\/media\/952"}],"wp:attachment":[{"href":"https:\/\/legorilleencravate.com\/index.php?rest_route=%2Fwp%2Fv2%2Fmedia&parent=771"}],"wp:term":[{"taxonomy":"folder","embeddable":true,"href":"https:\/\/legorilleencravate.com\/index.php?rest_route=%2Fwp%2Fv2%2Ffolder&post=771"}],"curies":[{"name":"wp","href":"https:\/\/api.w.org\/{rel}","templated":true}]}}